{"id":988,"date":"2025-07-15T15:50:40","date_gmt":"2025-07-15T15:50:40","guid":{"rendered":"https:\/\/iap-salcher.at\/wordpress\/?page_id=988"},"modified":"2025-09-20T08:54:00","modified_gmt":"2025-09-20T08:54:00","slug":"team","status":"publish","type":"page","link":"https:\/\/ias-salcher.at\/index.php\/team\/","title":{"rendered":"Team"},"content":{"rendered":"<p>[et_pb_section fb_built=&#8220;1&#8243; _builder_version=&#8220;4.27.4&#8243; _module_preset=&#8220;default&#8220; background_image=&#8220;https:\/\/ias-salcher.at\/wordpress\/wp-content\/uploads\/2025\/07\/architecture-4421992_1920.jpg&#8220; global_colors_info=&#8220;{}&#8220; theme_builder_area=&#8220;post_content&#8220;][et_pb_row _builder_version=&#8220;4.27.4&#8243; _module_preset=&#8220;default&#8220; background_enable_color=&#8220;off&#8220; background_image=&#8220;https:\/\/ias-salcher.at\/wordpress\/wp-content\/uploads\/2025\/07\/tes2-3-768&#215;576-1.png&#8220; custom_padding=&#8220;|6px|0px|6px|false|false&#8220; border_radii=&#8220;off|15px|15px||&#8220; border_radii_tablet=&#8220;off|15px|15px|15px|15px&#8220; border_radii_phone=&#8220;off|15px|15px|15px|15px&#8220; border_radii_last_edited=&#8220;on|tablet&#8220; global_colors_info=&#8220;{}&#8220; theme_builder_area=&#8220;post_content&#8220;][et_pb_column type=&#8220;4_4&#8243; _builder_version=&#8220;4.27.2&#8243; _module_preset=&#8220;default&#8220; global_colors_info=&#8220;{}&#8220; theme_builder_area=&#8220;post_content&#8220;][et_pb_text _builder_version=&#8220;4.27.4&#8243; _module_preset=&#8220;default&#8220; global_colors_info=&#8220;{}&#8220; theme_builder_area=&#8220;post_content&#8220;]<\/p>\n<h1 style=\"text-align: center;\"><span style=\"color: #000000;\"><strong>Unser Team<\/strong><\/span><\/h1>\n<h4 style=\"text-align: center;\"><span style=\"color: #000000;\">Wir beherrschen das Zusammenspiel der Kr\u00e4fte<strong><\/strong><\/span><\/h4>\n<p><span style=\"color: #000000;\"><\/span><\/p>\n<h3 style=\"text-align: justify;\"><span style=\"color: #000000; font-size: medium; font-family: inherit; font-weight: normal;\">Unser junges, hochmotiviertes Team aus Projektingenieuren und Technikern bildet das Fundament und die Zukunft von IAS. Alle Teammitglieder bringen umfangreiche Erfahrung in Projektabwicklung und Inbetriebnahme mit und arbeiten stets ziel- und zukunftsorientiert. Erg\u00e4nzt wird unsere Expertise durch ein starkes Netzwerk aus externen Spezialisten und die Kooperation mit namhaften Partnern im Sondermaschinen- und Anlagenbau. So b\u00fcndeln wir Fachwissen und Ressourcen, um auch anspruchsvollste Projekte erfolgreich umzusetzen.<\/span><\/h3>\n<h3 style=\"text-align: center;\"><span style=\"color: #000000; font-size: medium; font-family: inherit; font-weight: normal;\">Durchschnittliche Betriebszugeh\u00f6rigkeit: 12 Jahre<br \/>Durchschnittsalter: 35 Jahre<\/span><\/h3>\n<p style=\"text-align: justify;\"><span style=\"color: #000000; font-size: medium; font-family: inherit; font-weight: normal;\">Bei uns haben Sie die M\u00f6glichkeit, an der Realisierung kompletter Anlagen mitzuwirken \u2013 von der Konzeption bis hin zur Inbetriebnahme und laufendem Controlling. Unser Erfolg basiert auf termingerechter, qualitativ hochwertiger Arbeit, die durch die Einsatzbereitschaft und Flexibilit\u00e4t jedes einzelnen Teammitglieds erm\u00f6glicht wird.<\/span><\/p>\n<p style=\"text-align: justify;\"><span style=\"color: #ffffff; font-size: medium;\"><span data-teams=\"true\"><\/span><\/span><\/p>\n<h3 style=\"text-align: center;\"><span style=\"color: #000000; font-size: large;\">Alle unsere operativ t\u00e4tigen Mitarbeiter sind zertifizierte SGU-F\u00fchrungskr\u00e4fte.<\/span><\/h3>\n<p><span style=\"color: #ffffff;\"><strong><\/strong><\/span><\/p>\n<p>[\/et_pb_text][\/et_pb_column][\/et_pb_row][et_pb_row column_structure=&#8220;1_3,1_3,1_3&#8243; disabled_on=&#8220;on|on|off&#8220; _builder_version=&#8220;4.27.4&#8243; _module_preset=&#8220;default&#8220; background_image=&#8220;https:\/\/ias-salcher.at\/wordpress\/wp-content\/uploads\/2025\/07\/tes2-3-768&#215;576-1.png&#8220; custom_margin=&#8220;0px||||false|false&#8220; custom_padding=&#8220;||15px|||&#8220; border_radii=&#8220;off|||15px|15px&#8220; global_colors_info=&#8220;{}&#8220; theme_builder_area=&#8220;post_content&#8220;][et_pb_column type=&#8220;1_3&#8243; _builder_version=&#8220;4.27.2&#8243; _module_preset=&#8220;default&#8220; global_colors_info=&#8220;{}&#8220; theme_builder_area=&#8220;post_content&#8220;][et_pb_text _builder_version=&#8220;4.27.4&#8243; _module_preset=&#8220;default&#8220; global_colors_info=&#8220;{}&#8220; theme_builder_area=&#8220;post_content&#8220;]<\/p>\n<h1 style=\"text-align: center;\"><span style=\"color: #000000;\"><strong>Leitung<\/strong><\/span><\/h1>\n<p>[\/et_pb_text][\/et_pb_column][et_pb_column type=&#8220;1_3&#8243; _builder_version=&#8220;4.27.2&#8243; _module_preset=&#8220;default&#8220; global_colors_info=&#8220;{}&#8220; theme_builder_area=&#8220;post_content&#8220;][et_pb_text _builder_version=&#8220;4.27.2&#8243; _module_preset=&#8220;default&#8220; global_colors_info=&#8220;{}&#8220; theme_builder_area=&#8220;post_content&#8220;]<\/p>\n<h1 style=\"text-align: center;\"><span style=\"color: #000000;\"><strong>Mitarbeiter<\/strong><\/span><\/h1>\n<p>[\/et_pb_text][\/et_pb_column][et_pb_column type=&#8220;1_3&#8243; _builder_version=&#8220;4.27.2&#8243; _module_preset=&#8220;default&#8220; global_colors_info=&#8220;{}&#8220; theme_builder_area=&#8220;post_content&#8220;][et_pb_text _builder_version=&#8220;4.27.2&#8243; _module_preset=&#8220;default&#8220; global_colors_info=&#8220;{}&#8220; theme_builder_area=&#8220;post_content&#8220;]<\/p>\n<h1 style=\"text-align: center;\"><span style=\"color: #000000;\"><strong>HSE<\/strong><\/span><\/h1>\n<p>[\/et_pb_text][\/et_pb_column][\/et_pb_row][et_pb_row column_structure=&#8220;1_3,1_3,1_3&#8243; _builder_version=&#8220;4.27.4&#8243; _module_preset=&#8220;default&#8220; background_enable_image=&#8220;off&#8220; custom_padding=&#8220;35px|||||&#8220; global_colors_info=&#8220;{}&#8220; theme_builder_area=&#8220;post_content&#8220;][et_pb_column type=&#8220;1_3&#8243; _builder_version=&#8220;4.27.2&#8243; _module_preset=&#8220;default&#8220; global_colors_info=&#8220;{}&#8220; theme_builder_area=&#8220;post_content&#8220;][et_pb_team_member name=&#8220;Manfred Salcher&#8220; position=&#8220;Gesch\u00e4ftsf\u00fchrer&#8220; image_url=&#8220;https:\/\/ias-salcher.at\/wordpress\/wp-content\/uploads\/2025\/07\/Simon-Fortmueller-3-scaled-1.jpg&#8220; _builder_version=&#8220;4.27.4&#8243; _module_preset=&#8220;default&#8220; header_text_color=&#8220;#FFFFFF&#8220; header_font_size=&#8220;33px&#8220; body_text_color=&#8220;#FFFFFF&#8220; position_text_color=&#8220;#FFFFFF&#8220; position_font_size=&#8220;18px&#8220; position_line_height=&#8220;3em&#8220; background_image=&#8220;https:\/\/ias-salcher.at\/wordpress\/wp-content\/uploads\/2025\/07\/tes2-3-768&#215;576-1.png&#8220; background_layout=&#8220;dark&#8220; custom_margin=&#8220;||||false|false&#8220; custom_padding=&#8220;||5px||false|false&#8220; global_colors_info=&#8220;{}&#8220; theme_builder_area=&#8220;post_content&#8220;]<\/p>\n<p style=\"text-align: left;\">\n<p style=\"text-align: left;\"><span><\/span><\/p>\n<p style=\"text-align: left;\"><span><\/span><\/p>\n<p style=\"text-align: left;\"><span><\/span><\/p>\n<p>[\/et_pb_team_member][\/et_pb_column][et_pb_column type=&#8220;1_3&#8243; _builder_version=&#8220;4.27.2&#8243; _module_preset=&#8220;default&#8220; global_colors_info=&#8220;{}&#8220; theme_builder_area=&#8220;post_content&#8220;][et_pb_team_member name=&#8220;Gerhard Pfundner&#8220; position=&#8220;Prokurist \/ Technische Leitung&#8220; image_url=&#8220;https:\/\/ias-salcher.at\/wordpress\/wp-content\/uploads\/2025\/07\/Simon-Fortmueller-2-scaled-1.jpg&#8220; _builder_version=&#8220;4.27.4&#8243; _module_preset=&#8220;default&#8220; header_text_color=&#8220;#FFFFFF&#8220; header_font_size=&#8220;33px&#8220; body_text_color=&#8220;#FFFFFF&#8220; position_text_color=&#8220;#FFFFFF&#8220; position_font_size=&#8220;18px&#8220; position_line_height=&#8220;3em&#8220; background_image=&#8220;https:\/\/ias-salcher.at\/wordpress\/wp-content\/uploads\/2025\/07\/tes2-3-768&#215;576-1.png&#8220; background_layout=&#8220;dark&#8220; custom_margin=&#8220;||||false|false&#8220; custom_padding=&#8220;||5px||false|false&#8220; global_colors_info=&#8220;{}&#8220; theme_builder_area=&#8220;post_content&#8220;]<\/p>\n<p style=\"text-align: left;\"><span>IT-Administrator<\/span><\/p>\n<p style=\"text-align: left;\"><span>SGU-F\u00fchrungskraft<\/span><\/p>\n<p style=\"text-align: left;\"><span>GF Vertretung<\/span><\/p>\n<p>[\/et_pb_team_member][et_pb_team_member name=&#8220;Martin Falkensteiner&#8220; position=&#8220;Prokurist \/ Projektleitung&#8220; image_url=&#8220;https:\/\/ias-salcher.at\/wordpress\/wp-content\/uploads\/2025\/07\/Simon-Fortmueller-1-scaled-1.jpg&#8220; _builder_version=&#8220;4.27.4&#8243; _module_preset=&#8220;default&#8220; header_text_color=&#8220;#FFFFFF&#8220; header_font_size=&#8220;33px&#8220; body_text_color=&#8220;#FFFFFF&#8220; position_text_color=&#8220;#FFFFFF&#8220; position_font_size=&#8220;18px&#8220; position_line_height=&#8220;3em&#8220; background_image=&#8220;https:\/\/ias-salcher.at\/wordpress\/wp-content\/uploads\/2025\/07\/tes2-3-768&#215;576-1.png&#8220; background_layout=&#8220;dark&#8220; custom_margin=&#8220;||||false|false&#8220; custom_padding=&#8220;||5px||false|false&#8220; global_colors_info=&#8220;{}&#8220; theme_builder_area=&#8220;post_content&#8220;]<\/p>\n<p style=\"text-align: left;\"><span>SGU -F\u00fchrungskraft<\/span><\/p>\n<p style=\"text-align: left;\"><span>Qualit\u00e4tsbeauftragter<\/span><\/p>\n<p style=\"text-align: left;\"><span>Interner Auditor<\/span><\/p>\n<p>[\/et_pb_team_member][\/et_pb_column][et_pb_column type=&#8220;1_3&#8243; _builder_version=&#8220;4.27.2&#8243; _module_preset=&#8220;default&#8220; global_colors_info=&#8220;{}&#8220; theme_builder_area=&#8220;post_content&#8220;][et_pb_team_member name=&#8220;AUVA&#8220; position=&#8220;Sicherheitsfachkraft &#8220; image_url=&#8220;https:\/\/ias-salcher.at\/wordpress\/wp-content\/uploads\/2025\/07\/auva.png&#8220; _builder_version=&#8220;4.27.4&#8243; _module_preset=&#8220;default&#8220; header_text_color=&#8220;#FFFFFF&#8220; header_font_size=&#8220;33px&#8220; body_text_color=&#8220;#FFFFFF&#8220; position_text_color=&#8220;#FFFFFF&#8220; position_font_size=&#8220;18px&#8220; position_line_height=&#8220;3em&#8220; background_image=&#8220;https:\/\/ias-salcher.at\/wordpress\/wp-content\/uploads\/2025\/07\/tes2-3-768&#215;576-1.png&#8220; background_layout=&#8220;dark&#8220; height=&#8220;660px&#8220; custom_margin=&#8220;||||false|false&#8220; custom_padding=&#8220;||10px||false|false&#8220; border_width_all_image=&#8220;1px&#8220; border_color_all_image=&#8220;#c4c4c4&#8243; global_colors_info=&#8220;{}&#8220; theme_builder_area=&#8220;post_content&#8220;]<\/p>\n<p>Arbeitsmedizinische Fachkraft<\/p>\n<p>&nbsp;<\/p>\n<p>[\/et_pb_team_member][\/et_pb_column][\/et_pb_row][et_pb_row column_structure=&#8220;1_3,1_3,1_3&#8243; _builder_version=&#8220;4.27.2&#8243; _module_preset=&#8220;default&#8220; custom_padding=&#8220;35px|||||&#8220; global_colors_info=&#8220;{}&#8220; theme_builder_area=&#8220;post_content&#8220;][et_pb_column type=&#8220;1_3&#8243; _builder_version=&#8220;4.27.2&#8243; _module_preset=&#8220;default&#8220; global_colors_info=&#8220;{}&#8220; theme_builder_area=&#8220;post_content&#8220;][\/et_pb_column][et_pb_column type=&#8220;1_3&#8243; _builder_version=&#8220;4.27.2&#8243; _module_preset=&#8220;default&#8220; global_colors_info=&#8220;{}&#8220; theme_builder_area=&#8220;post_content&#8220;][et_pb_team_member name=&#8220;Erich Wipfler&#8220; position=&#8220;Prokurist \/ Projektierung&#8220; image_url=&#8220;https:\/\/ias-salcher.at\/wordpress\/wp-content\/uploads\/2025\/07\/Simon-Fortmueller-4-scaled-1.jpg&#8220; _builder_version=&#8220;4.27.4&#8243; _module_preset=&#8220;default&#8220; header_text_color=&#8220;#FFFFFF&#8220; header_font_size=&#8220;33px&#8220; body_text_color=&#8220;#FFFFFF&#8220; position_text_color=&#8220;#FFFFFF&#8220; position_font_size=&#8220;18px&#8220; position_line_height=&#8220;3em&#8220; background_image=&#8220;https:\/\/ias-salcher.at\/wordpress\/wp-content\/uploads\/2025\/07\/tes2-3-768&#215;576-1.png&#8220; background_layout=&#8220;dark&#8220; custom_margin=&#8220;||||false|false&#8220; custom_padding=&#8220;||5px||false|false&#8220; global_colors_info=&#8220;{}&#8220; theme_builder_area=&#8220;post_content&#8220;]<\/p>\n<p style=\"text-align: left;\"><span>SGU -F\u00fchrungskraft<\/span><\/p>\n<p style=\"text-align: left;\"><span>Qualit\u00e4tsbeauftragter<\/span><\/p>\n<p style=\"text-align: left;\"><span>Interner Auditor<\/span><\/p>\n<p>[\/et_pb_team_member][\/et_pb_column][et_pb_column type=&#8220;1_3&#8243; _builder_version=&#8220;4.27.2&#8243; _module_preset=&#8220;default&#8220; global_colors_info=&#8220;{}&#8220; theme_builder_area=&#8220;post_content&#8220;][\/et_pb_column][\/et_pb_row][\/et_pb_section]<\/p>\n","protected":false},"excerpt":{"rendered":"<p>Unser Team Wir beherrschen das Zusammenspiel der Kr\u00e4fte Unser junges, hochmotiviertes Team aus Projektingenieuren und Technikern bildet das Fundament und die Zukunft von IAS. Alle Teammitglieder bringen umfangreiche Erfahrung in Projektabwicklung und Inbetriebnahme mit und arbeiten stets ziel- und zukunftsorientiert. Erg\u00e4nzt wird unsere Expertise durch ein starkes Netzwerk aus externen Spezialisten und die Kooperation mit [&hellip;]<\/p>\n","protected":false},"author":2,"featured_media":0,"parent":0,"menu_order":0,"comment_status":"closed","ping_status":"closed","template":"","meta":{"_et_pb_use_builder":"on","_et_pb_old_content":"","_et_gb_content_width":"","footnotes":"","_links_to":"","_links_to_target":""},"class_list":["post-988","page","type-page","status-publish","hentry"],"yoast_head":"<!-- This site is optimized with the Yoast SEO plugin v26.1.1 - https:\/\/yoast.com\/wordpress\/plugins\/seo\/ -->\n<title>Team - IAS-Salcher GmbH<\/title>\n<meta name=\"robots\" content=\"index, follow, max-snippet:-1, max-image-preview:large, max-video-preview:-1\" \/>\n<link rel=\"canonical\" href=\"https:\/\/ias-salcher.at\/index.php\/team\/\" \/>\n<meta property=\"og:locale\" content=\"de_DE\" \/>\n<meta property=\"og:type\" content=\"article\" \/>\n<meta property=\"og:title\" content=\"Team - IAS-Salcher GmbH\" \/>\n<meta property=\"og:description\" content=\"Unser Team Wir beherrschen das Zusammenspiel der Kr\u00e4fte Unser junges, hochmotiviertes Team aus Projektingenieuren und Technikern bildet das Fundament und die Zukunft von IAS. Alle Teammitglieder bringen umfangreiche Erfahrung in Projektabwicklung und Inbetriebnahme mit und arbeiten stets ziel- und zukunftsorientiert. Erg\u00e4nzt wird unsere Expertise durch ein starkes Netzwerk aus externen Spezialisten und die Kooperation mit [&hellip;]\" \/>\n<meta property=\"og:url\" content=\"https:\/\/ias-salcher.at\/index.php\/team\/\" \/>\n<meta property=\"og:site_name\" content=\"IAS-Salcher GmbH\" \/>\n<meta property=\"article:modified_time\" content=\"2025-09-20T08:54:00+00:00\" \/>\n<meta name=\"twitter:card\" content=\"summary_large_image\" \/>\n<meta name=\"twitter:label1\" content=\"Gesch\u00e4tzte Lesezeit\" \/>\n\t<meta name=\"twitter:data1\" content=\"5\u00a0Minuten\" \/>\n<script type=\"application\/ld+json\" class=\"yoast-schema-graph\">{\"@context\":\"https:\/\/schema.org\",\"@graph\":[{\"@type\":\"WebPage\",\"@id\":\"https:\/\/ias-salcher.at\/index.php\/team\/\",\"url\":\"https:\/\/ias-salcher.at\/index.php\/team\/\",\"name\":\"Team - IAS-Salcher GmbH\",\"isPartOf\":{\"@id\":\"https:\/\/ias-salcher.at\/#website\"},\"datePublished\":\"2025-07-15T15:50:40+00:00\",\"dateModified\":\"2025-09-20T08:54:00+00:00\",\"breadcrumb\":{\"@id\":\"https:\/\/ias-salcher.at\/index.php\/team\/#breadcrumb\"},\"inLanguage\":\"de\",\"potentialAction\":[{\"@type\":\"ReadAction\",\"target\":[\"https:\/\/ias-salcher.at\/index.php\/team\/\"]}]},{\"@type\":\"BreadcrumbList\",\"@id\":\"https:\/\/ias-salcher.at\/index.php\/team\/#breadcrumb\",\"itemListElement\":[{\"@type\":\"ListItem\",\"position\":1,\"name\":\"Startseite\",\"item\":\"https:\/\/ias-salcher.at\/\"},{\"@type\":\"ListItem\",\"position\":2,\"name\":\"Team\"}]},{\"@type\":\"WebSite\",\"@id\":\"https:\/\/ias-salcher.at\/#website\",\"url\":\"https:\/\/ias-salcher.at\/\",\"name\":\"IAS-Salcher GmbH\",\"description\":\"\",\"publisher\":{\"@id\":\"https:\/\/ias-salcher.at\/#organization\"},\"potentialAction\":[{\"@type\":\"SearchAction\",\"target\":{\"@type\":\"EntryPoint\",\"urlTemplate\":\"https:\/\/ias-salcher.at\/?s={search_term_string}\"},\"query-input\":{\"@type\":\"PropertyValueSpecification\",\"valueRequired\":true,\"valueName\":\"search_term_string\"}}],\"inLanguage\":\"de\"},{\"@type\":\"Organization\",\"@id\":\"https:\/\/ias-salcher.at\/#organization\",\"name\":\"IAS-Salcher GmbH\",\"url\":\"https:\/\/ias-salcher.at\/\",\"logo\":{\"@type\":\"ImageObject\",\"inLanguage\":\"de\",\"@id\":\"https:\/\/ias-salcher.at\/#\/schema\/logo\/image\/\",\"url\":\"https:\/\/ias-salcher.at\/wordpress\/wp-content\/uploads\/2025\/07\/Firmenlogo.png\",\"contentUrl\":\"https:\/\/ias-salcher.at\/wordpress\/wp-content\/uploads\/2025\/07\/Firmenlogo.png\",\"width\":130,\"height\":100,\"caption\":\"IAS-Salcher GmbH\"},\"image\":{\"@id\":\"https:\/\/ias-salcher.at\/#\/schema\/logo\/image\/\"},\"sameAs\":[\"https:\/\/at.linkedin.com\/company\/ias-salcher\"]}]}<\/script>\n<!-- \/ Yoast SEO plugin. -->","yoast_head_json":{"title":"Team - IAS-Salcher GmbH","robots":{"index":"index","follow":"follow","max-snippet":"max-snippet:-1","max-image-preview":"max-image-preview:large","max-video-preview":"max-video-preview:-1"},"canonical":"https:\/\/ias-salcher.at\/index.php\/team\/","og_locale":"de_DE","og_type":"article","og_title":"Team - IAS-Salcher GmbH","og_description":"Unser Team Wir beherrschen das Zusammenspiel der Kr\u00e4fte Unser junges, hochmotiviertes Team aus Projektingenieuren und Technikern bildet das Fundament und die Zukunft von IAS. Alle Teammitglieder bringen umfangreiche Erfahrung in Projektabwicklung und Inbetriebnahme mit und arbeiten stets ziel- und zukunftsorientiert. Erg\u00e4nzt wird unsere Expertise durch ein starkes Netzwerk aus externen Spezialisten und die Kooperation mit [&hellip;]","og_url":"https:\/\/ias-salcher.at\/index.php\/team\/","og_site_name":"IAS-Salcher GmbH","article_modified_time":"2025-09-20T08:54:00+00:00","twitter_card":"summary_large_image","twitter_misc":{"Gesch\u00e4tzte Lesezeit":"5\u00a0Minuten"},"schema":{"@context":"https:\/\/schema.org","@graph":[{"@type":"WebPage","@id":"https:\/\/ias-salcher.at\/index.php\/team\/","url":"https:\/\/ias-salcher.at\/index.php\/team\/","name":"Team - IAS-Salcher GmbH","isPartOf":{"@id":"https:\/\/ias-salcher.at\/#website"},"datePublished":"2025-07-15T15:50:40+00:00","dateModified":"2025-09-20T08:54:00+00:00","breadcrumb":{"@id":"https:\/\/ias-salcher.at\/index.php\/team\/#breadcrumb"},"inLanguage":"de","potentialAction":[{"@type":"ReadAction","target":["https:\/\/ias-salcher.at\/index.php\/team\/"]}]},{"@type":"BreadcrumbList","@id":"https:\/\/ias-salcher.at\/index.php\/team\/#breadcrumb","itemListElement":[{"@type":"ListItem","position":1,"name":"Startseite","item":"https:\/\/ias-salcher.at\/"},{"@type":"ListItem","position":2,"name":"Team"}]},{"@type":"WebSite","@id":"https:\/\/ias-salcher.at\/#website","url":"https:\/\/ias-salcher.at\/","name":"IAS-Salcher GmbH","description":"","publisher":{"@id":"https:\/\/ias-salcher.at\/#organization"},"potentialAction":[{"@type":"SearchAction","target":{"@type":"EntryPoint","urlTemplate":"https:\/\/ias-salcher.at\/?s={search_term_string}"},"query-input":{"@type":"PropertyValueSpecification","valueRequired":true,"valueName":"search_term_string"}}],"inLanguage":"de"},{"@type":"Organization","@id":"https:\/\/ias-salcher.at\/#organization","name":"IAS-Salcher GmbH","url":"https:\/\/ias-salcher.at\/","logo":{"@type":"ImageObject","inLanguage":"de","@id":"https:\/\/ias-salcher.at\/#\/schema\/logo\/image\/","url":"https:\/\/ias-salcher.at\/wordpress\/wp-content\/uploads\/2025\/07\/Firmenlogo.png","contentUrl":"https:\/\/ias-salcher.at\/wordpress\/wp-content\/uploads\/2025\/07\/Firmenlogo.png","width":130,"height":100,"caption":"IAS-Salcher GmbH"},"image":{"@id":"https:\/\/ias-salcher.at\/#\/schema\/logo\/image\/"},"sameAs":["https:\/\/at.linkedin.com\/company\/ias-salcher"]}]}},"_links":{"self":[{"href":"https:\/\/ias-salcher.at\/index.php\/wp-json\/wp\/v2\/pages\/988","targetHints":{"allow":["GET"]}}],"collection":[{"href":"https:\/\/ias-salcher.at\/index.php\/wp-json\/wp\/v2\/pages"}],"about":[{"href":"https:\/\/ias-salcher.at\/index.php\/wp-json\/wp\/v2\/types\/page"}],"author":[{"embeddable":true,"href":"https:\/\/ias-salcher.at\/index.php\/wp-json\/wp\/v2\/users\/2"}],"replies":[{"embeddable":true,"href":"https:\/\/ias-salcher.at\/index.php\/wp-json\/wp\/v2\/comments?post=988"}],"version-history":[{"count":1,"href":"https:\/\/ias-salcher.at\/index.php\/wp-json\/wp\/v2\/pages\/988\/revisions"}],"predecessor-version":[{"id":1274,"href":"https:\/\/ias-salcher.at\/index.php\/wp-json\/wp\/v2\/pages\/988\/revisions\/1274"}],"wp:attachment":[{"href":"https:\/\/ias-salcher.at\/index.php\/wp-json\/wp\/v2\/media?parent=988"}],"curies":[{"name":"wp","href":"https:\/\/api.w.org\/{rel}","templated":true}]}}